278.
-6
Calculate -42934 + 42961 + (47 + 2 - 1).
75
What is the value of (28 - (-40 - -38)) + -12 + 7 + 10?
35
What is the value of 26 - 5 - (-1 - (26 - (-14 + 119)))?
-57
What is -114 + 100 + -16 - 55?
-85
Calculate -4 + -2 - ((-59 - -46) + 1 + 5 - -12).
-11
What is -12 + -2 - 2 - (-43 + 119 + -66)?
-26
70 - (103 + -73 - -53)
-13
Calculate -8 - (-13 - -53 - 29).
-19
What is 373 + -393 - ((-1 - -5) + -23) - -22?
21
What is the value of 110 + (-77 - (73 + -152))?
112
What is (-88 - -32) + -21 - -36?
-41
What is -2 - (23 - (-2 + 39) - -8)?
4
Calculate -104 + 18 + 238 - (-2 + -1 + (17 - -1)).
137
Calculate 9 + (-6 - -17) - (-69 + 79).
10
Calculate (-3 - -2 - (-14 - 0)) + 1 + -7370 + 7378.
22
What is -12 + (87 - ((-33 - -8) + 49))?
51
35 + 19 + -38 + -13 - -107 - 0
110
Calculate 72 + (-214 - (-98 - -25)).
-69
What is 32 - (2 - -40 - 29)?
19
Evaluate (-4 - (-93 + 60)) + -38.
-9
Evaluate -120 + 19 - (-99 + -107).
105
What is the value of -154 + 46 + -27 + -5 - -13?
-127
Evaluate (-2 + 2 - -16) + (-5409 - -5405) + -21.
-9
Calculate 114 + -285 + 171 + -1 + 0 + -3 + 133.
129
What is -3 + 22 + 106 + -22 + (-15 - 4)?
84
Evaluate -10 - (77 - 70) - (-5 + -1).
-11
What is the value of -28 - (-102 + 5 - (4 + -32))?
41
What is -49 - (10 + 4 - (-266 + 316))?
-13
What is (-27 - (-36 - 76)) + -2?
83
20 + 50 + -1 + -12 + 14
71
Evaluate 19 - ((55 - 13) + -15 + 1).
-9
Evaluate -8 + (-1 - 3) - (-30 + -55 + 78).
-5
-2 + (70 - 93) + 115 + -11
79
(-4843 - -4866) + (-1 - 2 - -2 - 5)
17
-10 + (39 - 12) + -12 - 2 - 2
1
-7 - (18 + 27 + 2 + -13)
-41
What is the value of (-5 - (-8 + -20 - -12) - 0) + 7?
18
What is the value of (278 - 274 - (7 + -2)) + 1 + 3?
3
Evaluate 38 - (-9 + 4 + (83 - 117)).
77
-24 - (-37 - 24 - (0 - -2))
39
3 + -36 - (38 + -40 + -62)
31
Evaluate -2 - 76 - (20 - (17 - -9)) - -7.
-65
-2 + 20 + -3 + -7 - ((3 - -9) + 6)
-10
What is the value of 6 + (-17 - -2) + 29 + (-10 - -3)?
13
What is -7 + -4 + 6 - (25 + 0) - (-353 + 346)?
-23
Evaluate (-61 - (-172 + 88)) + 1 + -39.
-15
-81 - -81 - 15 - 54
-69
What is -39 - -20 - -45 - 61?
-35
Calculate 332 - 345 - (30 - -2).
-45
What is (67 - (11 + 30)) + (0 - -1 - -3)?
30
What is the value of -5 - (-45 - 2) - (21 + -13 - (5 - 1))?
38
What is the value of 16 - (34 + (11 - 73) + 116)?
-72
Calculate 208 + (72 - 133) + -34 + 2.
115
Evaluate 59 + (-2 - 1) - (53 + -61).
64
Evaluate (-9 - (4 + 6 + -22)) + (-7 - -10).
6
What is the value of -24 + -2 + (1 - 12 - (344 - 360))?
-21
Evaluate -53 + 65 + -6 + (-8 - 43).
-45
Calculate 105 + -102 + (3 - (-1 + 6)) + 20 - 6.
15
What is 5 + (17 - (14 - -32))?
-24
22 + -38 + 3 - (-30 + -4 + 0)
21
Evaluate 23 - ((-25 - -6) + 6 + 80).
-44
-6 + 3 - 11 - (-7 + -26)
19
(47 - 48 - (7 + 7)) + -31
-46
Evaluate 0 + 11 + (-11 + 3 - (5 + -36)).
34
What is (-8 - 1) + (-240 - -235) + 32 + 2?
20
((-60 - -15) + 15 - -14) + 92 + -3
73
Evaluate -21 - ((-3 - (2 + (4 - 1))) + 9 - 3).
-19
What is 1 + -1 - (-55 - -23 - -21) - -41?
52
Calculate -21 - ((-41 - -20) + (47 - 1)).
-46
-2 + 8 + 11 + -7 + -20
-10
Evaluate -5 + 3 + 24 + (17 - 26) + -34.
-21
What is -16 - (24 - 16 - -17)?
-41
Calculate 3437 + -3463 + 1 + 2 + 61.
38
Evaluate (-14 - 17) + (-69 - -55).
-45
What is the value of (96 - 10) + (214 - 226)?
74
Evaluate -78 - (34 + (-51 - 18)).
-43
Evaluate -93 - (-945 + 935 + (-2 + -3 - 2) + 15).
-91
Calculate -47 + 42 - (9 + -9 + 5 + -8).
-2
Evaluate (0 - (1 + (2 - -70) - -1)) + 28988 + -28989.
-75
Evaluate -10 + (-4 - -29 - (4 + -4 + (2 - 7))).
20
Evaluate -103 - -64 - ((-2 - 9) + -1 + 8).
-35
Evaluate 0 + 1 - (12 - (-7 - (5 + 29))).
-52
Evaluate -31 - (-15 - 2) - -7 - (22 - (-3 + 3)).
-29
What is -27 + (-7 - -52) + (0 - 12) - 2?
4
(90 - 111) + -6 + -7 + 5
-29
What is the value of (2 - 4) + (1 - -16 - 12) - 15?
-12
(-10 - (2 - (-9 - (18 - 37)))) + -95
-97
What is 56 + ((10 - -19) + -18 - (17 + -8))?
58
(-9 - -70) + -7 - -10 - (-31 + 42)
53
Evaluate -2 + 57 + (-6 - (-14 - -6)) + (131 - 124).
64
Calculate -10 - (-1 + 2 + 9 - (1024 + -1024)).
-20
What is the value of 26 + (115 - 120) + -129?
-108
What is (-26 - (2 - 3)) + -507 + 554?
22
7 + -21 + (75 - 13) - (8 + 1)
39
What is the value of -4 - 44 - (-48 + 41 + -14)?
-27
What is the value of (41 - 147) + -9 - -123?
8
What is the value of 13 + -3 + 108 - (-39 - -43)?
114
What is -39 + 64 - (7 + 3 - -6)?
9
Evaluate (-51 - -59) + 36 + -26 + (0 - 59).
-41
Evaluate -3610 - -3628 - (1 + -1 + 1) - 4.
13
-4 - -9 - (14 - 1) - (-44 + -39 + 86)
-11
(-8 - (-8 + 11) - (61 + 0 + 6)) + 5
-73
What is the value of 10 + (-92 - -59) - 41?
-64
(44 - (57 + -10)) + -27
-30
What is the value of (71 - (3 + 0)) + -43 + (-42 - -84) + 12?
79
(-19 - (85 + -103)) + 2 + -18
-17
Evaluate 8 - (-7 + 19 + -27 - 32).
55
Calculate 2850 + -3002 + (147 - -3).
-2
(-1 + 7 - (-260 + 303)) + -7 + -6
-50
Evaluate 0 + 14 + (-21 - (-60 - -24)) + -15.
14
Evaluate 72 - (-23 - -85) - -53.
63
What is 6 - (-10 + 18 + (-12 - -8) + -2 + -2)?
6
Evaluate 398 - (164 - 10) - 126.
118
Calculate 80 - ((5 - 4) + -2 + -3 + (-1 - -8)).
77
Evaluate -38 + 88 + (-1 - -2) + -3 + -4 + -7.
37
Calculate -115 + 127 + -3 - (0 + 1).
8
Evaluate (37 - 24) + -1 + -35 - -21.
-2
-81 + -2 - ((-406 - -445) + 1 + -42)
-81
Calculate 8 + -4 - (-17 + 20 - 22).
23
What is the value of -1 + 38 + (-63 - -63)?
37
Calculate 21 - (119 + -146 - -55).
-7
Calculate (-108 - -159) + 126 - 125.
52
(-27 - (-1 - 2 - (-108 - -115)) - 7) + 11
-13
Evaluate -11 - (1 - 1) - (-61 + -10 + (63 - 102)).
99
Calculate (-119 - -87) + (3 + -4 - -27).
-6
What is -41 + 4 + (-15 - -3) + 7 + (54 - 49)?
-37
Calculate (41 + -65 - -53) + -63.
-34
Calculate (-17 + 1 + 22 - 8) + (-1 - -2 - -4).
3
(1 - 13 - -8 - -5) + (25 - -29 - 3)
52
(7 - (-31 + 4)) + (-11 - 25 - -22)
20
What is (1 - 103) + 17044 + -17030?
-88
What is 0 + -27 + (-46 - (-57 + 18))?
-34
-42 + 4 + (15 + -23 + 10 - 11)
-47
What is the value of -34 + (1 + 118 - 61)?
24
Calculate 6 - (-3 - (-4 + 30) - (-11 - (-29 - -19))).
34
What is the value of (-16 - 9) + -4 + 40?
11
Evaluate 8824 + -8840 - (-79 - -1).
62
Calculate (16 - 5) + (0 - (11 + -5)) - 7.
-2
What is the value of 15 + 2 + (18 - 42) + 16?
9
What is the value of 7 - (55 + (-18 - -1) - 17)?
-14
What is 1 + -17 + 0 + (33 - (41 - 19) - 14)?
-19
Evaluate (6 - (-10 + 41 + -13)) + 70 - -14.
72
Calculate -26 + (-3 - ((-60 - -69) + 3 + (-11 - 2))).
-28
Calculate 2 - 5 - 10 - 4 - 17.
-34
What is the value of -6 + -1 + 988 + -1072?
-91
What is the value of 3 + (9 - (-4 + -6 - -27)) + (-93 - 2)?
-100
(-20 - (-10 - -13)) + -12 + 2 + 10 + -2
-25
What is the value of (-2 - (1 + -14 - -8)) + (-5 + 2 - -12)?
12
Calculate (-1 - (2 - 9)) + (-42 - -83) + -120 + -4.
-77
Calculate 5 + (-3 - -5) - 0 - (27 - (46 + -22)).
4
Calculate -15 + 0 + 5 - (51 + (30 - 5 - 18)).
-68
What is (66 - 48 - 51) + (1 - -27)?
-5
What is the value of (-73 - -72) + -5 + -1 + -74 + (-33 - -28)?
-86
Calculate 28 + -3 + (32 - 23) + -12 + (8 - 4).
26
Evaluate 41 + (-11 - (11 - 22)) + -18.
23
Calculate -68 + -27 + 126 + -2 + 9.
38
Calculate 1 + (-1 - -10) - (-80 + 73 + 14 + 45).
-42
(-34 - 1) + 11 + -25 + 6
-43
Evaluate -116 - ((-111 - 104) + 111).
-12
What is the value of 47 + (-64 - (-32 - -54))?
-39
17 - 1 - (-1767 + 1818)
-35
31 + -31 + 40 + (7 - 6)
41
Evaluate -3718 - -3685 - ((-1 - -12) + (4 - (-4 + 9))).
-43
1 + -2 + (-91 - (-109 + 123))
-106
Calculate 3 - -37 - 4 - (-13 - (-13 + -12)).
24
(-1 + 2 - 40) + 40 + -58 + 44 + -21
-34
Evaluate 20 + 1 + (-9 + 28 - 19).
21
60 + (-1 - 12) + 24
71
Evaluate -54 - (86 + 6 + -257).
111
Evaluate -11 - (72 - ((-4 - (-30 - -12)) + -8)).
-77
What is (-4 - (6 - -32)) + 15 - -120?
93
Evaluate 30 + (38 + -73 - -29).
24
Evaluate -27 + -77 + 106 + -88.
-86
39 + (-19 + 4 + 24 - 15)
33
6 + (0 - 98 - ((-34 - -5 - -26) + 2))
-91
What is the value of -35725 - -35663 - (-1 + (18 - 1))?
-78
77 + (10 + (-5 - (-13 + 6)) - (49 - 49))
89
What is -7 + -12 + (19 - 13) - (5 + -39)?
21
What is the value of -33 + 50 + -30 + 16?
3
8 + (11 + 7 - -13) + (7 - (6 + -4))
44
What is the value of 15 - (-115 + 179) - (-1 + 8)?
-56
Calculate 1 + -7 + 4 + (-8 - (18 - 48)).
20
1 + 18 + 11 + -50 + 21
1
What is the value of 37 - 34 - 35 - -35 - 64?
-61
Calculate 0 + 20 - (-39 + 51 - 6) - 58.
-44
Calculate 581 + -503 - (248 - 23).
-147
36 + (-42 + 34 - -1)
29
-67 - (-108 - (6 + 12))
59
-40 + -2